+ 11*y(h). Let b be d(1). List the prime factors of (b - 4)*-5*1*-2.
2, 5, 7
What are the prime factors of 88514 + -17 - ((-45)/12 + 4/(-16))?
7, 47, 269
Let s be ((-2)/3)/((-1)/18). Suppose x - 2*x = 2*d + s, -15 = -5*x + 5*d. What are the prime factors of x/(-3) - 705/(-9)?
79
Let k(g) = -g**3 - 3*g**2 + 8*g - 7. Let w be k(-5). Suppose -2*l = -6*l - w*j + 1396, 0 = 2*l - j - 698. What are the prime factors of l?
349
Suppose -62*w = 77*w - 954791. List the prime factors of w.
6869
Suppose 21 = -i + 803. Let f = i - 451. What are the prime factors of f?
331
Let n be (4 - 7) + 10 + -1. Let p(a) = 3*a**2 - 7*a + 74. Let l be p(6). Suppose -604 - l = -n*q. What are the prime factors of q?
2, 31
Suppose 114*d - 121*d + 28 = 0. Let l(a) = 79*a - 171. What are the prime factors of l(d)?
5, 29
Suppose -2*d = z + 15, 0 = -5*d - 4 - 16. Let v(t) = -t**3 - t**2 + 10*t - 7. List the prime factors of v(z).
7, 31
Suppose 8*j - 15452 - 20548 = 0. List the prime factors of j.
2, 3, 5
Let t = -7119 + 19027. What are the prime factors of t?
2, 13, 229
Let h be (-3 - 1)*(-2)/4 - 2. Suppose h = -3*u - 77 + 107. What are the prime factors of (396/90)/(2/u)?
2, 11
Suppose 15*u = 27 - 87. Let z be ((-8)/(-6))/(u + 313/78). Suppose -5*j + 386 + z = 0. List the prime factors of j.
2, 7
Suppose -b + 553*l + 18840 = 550*l, 18855 = b + 2*l. What are the prime factors of b?
3, 61, 103
Let u = 293 + -293. What are the prime factors of (u + 1)*(-3)/((-9)/786)?
2, 131
Let r(f) be the second derivative of -2*f**3 + 34*f**2 - 134*f. What are the prime factors of r(-12)?
2, 53
Suppose -4*v = -3*x - 72174, 298*x - 18048 = -v + 301*x. What are the prime factors of v?
2, 3, 31, 97
Let q(y) = 49*y**2 + 77*y - 64. List the prime factors of q(-9).
2, 11, 73
Let m = -96841 - -161982. What are the prime factors of m?
65141
Suppose 697657 = -104*x + 5915874 - 813401. What are the prime factors of x?
2, 3, 13, 181
Let p be ((-14)/21)/(1/(-3)). Suppose -6 + 324 = p*w. Suppose -3*v + 9 = -w. List the prime factors of v.
2, 7
Let t = 460 - 933. Let h = -7 - t. What are the prime factors of h?
2, 233
Suppose 3*s - 10 = 2*s. Suppose i = -s + 11. List the prime factors of (i + -1 + -2)*-1 + 48.
2, 5
Let a(v) = -v**3 + 21*v**2 - 51*v - 1. Let p(y) = -y**2 - 7*y + 73. Let c be p(5). List the prime factors of a(c).
2, 43
Suppose 796 + 576 = 7*i. Suppose 0 = 5*j, 3*j = 3*h + 4*j. Suppose h = 3*v - v - i. List the prime factors of v.
2, 7
Let a(i) = -472*i**3 + 8*i**2 + 16*i + 3. What are the prime factors of a(-3)?
3, 11, 43
Let q be -36*(8/18)/(4/(-6)). Suppose -2*f = v - 4, 6*v + q = 4*f + 4*v. Suppose -711 = -5*s - 4*b, 2*b + 552 = f*s + b. List the prime factors of s.
139
Suppose -239613 = -12*v - 41*v. List the prime factors of v.
3, 11, 137
Suppose 0 = 3*d + 2*j - 36, 3*j - 60 = -d - 4*d. Suppose 0 = -11*o + d*o - 394. What are the prime factors of o?
2, 197
Let h(c) = 927*c**3 + 14*c - 5. List the prime factors of h(2).
43, 173
Let i(z) = 143*z**3 - z - 36. Let t be i(5). List the prime factors of (-1 + 6 + t/37)*2.
2, 487
Let z(l) = -2*l**3 - 84*l**2 - 121*l + 269. What are the prime factors of z(-45)?
2, 7, 11, 29
Let h(n) = -2*n**3 + 67*n**2 + 12*n + 24. List the prime factors of h(33).
3, 503
Suppose 2*h + 414 - 1610 = 0. List the prime factors of 52/h + (-8462)/(-23).
2, 23
Suppose 24759 + 12141 = 16*l - 19836. What are the prime factors of l?
2, 3, 197
Suppose 0 = 3*g - x - 13222, -3*g = 3*x - 7*x - 13225. List the prime factors of g.
3, 13, 113
Let q be ((2/4)/(-1))/(3/(-15882)). Suppose 4*r - 469 = q. What are the prime factors of r?
19, 41
Suppose -60*b = -34*b + 338. Let h = 1283 + b. What are the prime factors of h?
2, 5, 127
Suppose 2*h - 79349 = -3*u + 11012, -19*u + 572267 = 3*h. What are the prime factors of u?
30119
Let j = 782 + -400. What are the prime factors of j?
2, 191
Suppose -129*j - 13*d = -125*j - 45343, -3*d = 2*j - 22675. What are the prime factors of j?
17, 23, 29
Let d = -41875 - -67214. What are the prime factors of d?
25339
Suppose -4*i + 3*l + 793 = 0, -2*i + 2*l = -382 - 14. Suppose -2*k + 503 = -b, 5*b = -k + i + 58. What are the prime factors of k?
2, 3, 7
Suppose -4*m + 4*h = -32680, -6*h - 24510 = -3*m - 4*h. What are the prime factors of m?
2, 5, 19, 43
Let l(w) = w**3 + 21*w**2 - 21*w + 29. Let z be l(-22). Let f(u) = -5*u + 7. Let d be f(z). Let h = d + 48. What are the prime factors of h?
2, 5
Let v = -28 - -27. Let a be (v*0/(-1))/(-2 + 4). Suppose a = -6*w + 3*w + 168. List the prime factors of w.
2, 7
Suppose -k = -c - 28707, -84*k + 81*k - 2*c = -86121. List the prime factors of k.
3, 7, 1367
Suppose 5*w = 34613 + 25057. Let b be (-2)/(-8) - 0 - w/(-136). Let a = b - -26. What are the prime factors of a?
2, 3, 19
Suppose 5*o - 3*t - 14285 = 0, 0 = 3*o + 5*t - 4*t - 8557. List the prime factors of o.
2, 1427
Let o(h) = -42*h**3 + 1. Let c = 291 + -293. What are the prime factors of o(c)?
337
List the prime factors of 717836/20 + (354/(-30) - -12).
2, 3, 997
Let t(j) = 13*j**3 + 20 + 25 - 17 - 13*j - 2*j**2. What are the prime factors of t(3)?
2, 7, 23
Let t(v) = 36*v + 20. Let a(d) = 76*d + 39. Let j(g) = -3*a(g) + 5*t(g). What are the prime factors of j(-12)?
13, 43
List the prime factors of (-18974)/(-4) - (12 - 175/14).
2, 593
Suppose -832*q - 3*d - 131835 = -834*q, d = -3*q + 197780. What are the prime factors of q?
3, 5, 293
Let s(z) = 26*z - 5. Let r be s(-3). Let d(m) = -7*m + 8. Let y be d(6). Let o = y - r. What are the prime factors of o?
7
Let m(h) = -512 + 6*h + 273 + 258. Let t be (-12)/(-1) + 0 + -1. List the prime factors of m(t).
5, 17
Suppose -z + 4*z + 8 = q, 0 = 2*q - z - 1. Let i(m) = 9*m**3 - m. Let u be i(q). Let b(s) = -3*s + 20. List the prime factors of b(u).
2, 11
Let d = 291 - 291. Let x = 658 + -466. Suppose d = 3*h - x - 63. List the prime factors of h.
5, 17
Suppose 12 = -4*s + 8*s. Suppose 3*x = 2*l - 20 + 356, 339 = s*x - l. Suppose -40 = u - 5*t - x, 3*t = -5*u + 314. What are the prime factors of u?
2
Suppose 3*c = 129 + 105. Let p = -78 + c. Suppose p = 4*b + 5*v - 369, 5*b + 5*v - 284 = 176. List the prime factors of b.
7, 13
Let h(q) = q**3 + 5*q**2 - 5*q - 11. Let v be h(-6). Let d = v - 83. List the prime factors of 3/(5 + 497/d).
2, 5
Let h(o) = 4475*o**2 + 5*o - 23. List the prime factors of h(2).
31, 577
Let y = -198 + 285. Let k = 161 - y. Suppose 17 = p - k. What are the prime factors of p?
7, 13
Suppose 19*t + 54894 = 45453 + 236700. List the prime factors of t.
3, 443
Let g be -260*7/(-2) + (1 - 2). Let l = g + -592. What are the prime factors of l?
317
What are the prime factors of (-42)/56 - (-470477)/28?
2, 31, 271
Let t(c) = 15*c**2 + 23*c + 4. Let q be t(-4). Suppose 467 = d - 4*o, 299 = d + 4*o - q. What are the prime factors of d?
3, 17
Suppose 0 = 8*r - 19341 - 9387. Suppose -95*t - 3*p = -92*t - r, 0 = -2*t - 5*p + 2397. What are the prime factors of t?
2, 13, 23
Suppose -4*k + 7*p - 2*p = -94, -38 = -2*k - 2*p. Suppose -2*u = 3*r + 2*r - 17, -3*u - 3*r + k = 0. What are the prime factors of (-9)/u - (-44)/8?
2
Let w(b) = b**3 + 6*b**2 - 21*b - 37. Let x be w(-8). Suppose -2*t + x*t - 279 = 4*c, 2*t - 528 = -2*c. List the prime factors of t.
3, 89
Suppose -5*v + 50 = 5*l, -29 = -5*l - 2*v + 27. Suppose -f = 2*f + l. List the prime factors of (f + 66 - -4) + -2.
2
Let c(z) = -1398*z**3 - 4*z**2 - 40*z - 75. What are the prime factors of c(-2)?
11173
Let d(u) = -3*u**2 + 5*u - 2. Let q be (-6)/(-8)*56/21. Let f be d(q). List the prime factors of (-654)/(-9) - f/(-6).
2, 3
Let k = 152 - -1009. Suppose 0*y + 3*d - k = -2*y, 2*y + d = 1155. Suppose y = 11*o - 2174. What are the prime factors of o?
2, 5
Suppose -2*c - i + 22401 = 2864, c = -5*i + 9782. List the prime factors of c.
9767
Suppose -5*a = 4*c - 175, 188 - 56 = 3*c + 4*a. List the prime factors of 21344/c - 12/(-30).
2, 3, 89
Suppose -5*u + 12 = -13, -4*g - 3*u + 31 = 0. Suppose 241 = 2*l + 1357. List the prime factors of (g/8)/((-3)/l).
3, 31
Let x(y) be the third derivative of -19*y**4/12 + 28*y**3/3 - 108*y**2. What are the prime factors of x(-7)?
2, 7, 23
What are the prime factors of 1816504/66 + (-858)/(-1573) - (-4)/6?
2, 7, 983
What are the prime factors of (-3)/10 + 11860911/270 - -10?
7, 6277
Let a(g) = g**2 + 2. Let u =